*1*-10. Suppose -u + 5*c = -12, k*c - 1 = -2*u - 7. Suppose u*s - 1 = 3*s. Let a(h) = -14*h**2 + 2*h + 1. What is a(s)?
-15
Let v(i) = 2*i**2 + 7*i + 3. Let x(f) = -f**2 + 16. Let l(a) = a**2 - 15. Let q(k) = 4*l(k) + 5*x(k). Let j be q(-5). Calculate v(j).
18
Let n(t) = 2*t - 6. Let d(l) = l - 4. Let c(k) = -3*d(k) + 2*n(k). Give c(-1).
-1
Suppose -1 = 2*o - 7. Let t(c) = 3*c - 5*c + 4*c - o*c - 1. What is t(4)?
-5
Let q(a) = 13*a + 117. Let r(k) = -7*k - 58. Let w(o) = -4*q(o) - 7*r(o). What is w(-19)?
-5
Let o(y) be the third derivative of 0*y**3 + 0 + 0*y + 1/120*y**5 - 1/24*y**4 + 3*y**2 - 1/720*y**6. Let h(s) be the second derivative of o(s). Determine h(-5).
6
Let b(v) = v**2 + 8*v + 6. Let n be b(-1). Let z(p) = 11*p**2 + p. Give z(n).
10
Suppose -2 - 2 = -a. Suppose -4*o + 5*g = 21, 4*o - 3*o - 21 = -a*g. Let k(p) = 3*p. Calculate k(o).
3
Let l(u) = -u**2 + u + 4. Let x(z) = 6*z + 17. Let w be x(-8). Let i = -47 - w. Let a = 20 + i. What is l(a)?
-8
Let o(z) = z**2 + 6*z + 5. Let n(k) = 3*k - 12. Let w be n(9). Suppose 2*p = -q - 3*q - 22, -3*q - w = p. Calculate o(q).
-3
Let s(i) be the third derivative of -i**6/120 + i**5/6 - 7*i**4/24 + 7*i**2 - 3*i. Give s(9).
18
Let c(s) = s + 10. Suppose -r - 97 = -33. Let k = r - -57. What is c(k)?
3
Let x(q) = -q**2 + 35 - 22 - 12*q - 16 - q**2. Calculate x(-5).
7
Let q = 10 + -1. Let j(k) = k**3 - 8*k**2 - 9*k + 3. Let h be j(q). Let x(w) = 7*w**3 + 7*w**2 + 5*w + 3 - 9 - 6*w**h. Give x(-6).
0
Let w(q) be the second derivative of -19*q**4/12 + q**3/3 - q**2 + 17*q. Calculate w(1).
-19
Let l(t) = -t**3 + 6. Suppose -29*c + 2 = 2. Determine l(c).
6
Let a(d) be the third derivative of d**4/24 + d**3/3 + 38*d**2. Calculate a(-9).
-7
Suppose 0 = -2*q + 2*l + 2, 5*q + 4*l - 21 = l. Let a(n) = 3*n - 2 - 5*n + q*n. Determine a(5).
3
Let r(q) = -q**3 + 2*q**2 + 48*q - 4. Let m be r(8). Let f(d) = 2*d + 1. What is f(m)?
-7
Let v = -3641 - -3635. Let z(c) be the second derivative of c**5/20 + 7*c**4/12 + 4*c**3/3 + 7*c**2/2 + 2*c. Calculate z(v).
-5
Let x(i) = i - 3. Suppose 9 = m + 2*m - 2*p, -5*m = 3*p - 34. Calculate x(m).
2
Suppose 3*h + 40 = -5*r + h, 5*r = -3*h - 35. Let y be (24/(-20))/((-2)/r). Let v(k) = -2*k + 4. What is v(y)?
16
Let r(i) = 7*i + 11. Let w(q) = -3*q - 6. Let j(s) = 4*r(s) + 9*w(s). Calculate j(7).
-3
Let f(w) be the first derivative of w**2 - 24*w + 5. Let t(g) = g**3 + 2*g - 3. Let j be t(2). Let o be f(j). Let x(n) = n**2 + 8*n + 2. Determine x(o).
-10
Suppose -2*f - 5*f + 14 = 0. Let o(a) = 5*a**3 - 3*a**2 + 2*a - 3. What is o(f)?
29
Let i(s) = -27 - 31 + 63 - 6*s. Determine i(5).
-25
Let w(c) = -c**3 - 4*c**2 + 4*c - 5. Suppose -2*f - 13 - 11 = 0. Let s(z) = 5 + 9 + 0*z + 2*z + 5. Let d be s(f). Calculate w(d).
0
Let l(r) = -r + 2 + 2 + 0*r. Suppose -3*g + 9*y + 5 = 8*y, -5*y + 29 = 3*g. Let i(q) = -q**3 + 4*q**2 - 5*q + 3. Let f be i(g). Calculate l(f).
7
Let g(v) = 32*v - 3. Let p(b) = 10*b - 1. Let f(l) = -2*g(l) + 7*p(l). Give f(2).
11
Let a(d) = -d - 3. Let l = 99 - 65. Let u(v) = -3*v. Let c be u(-2). Let q(k) = 7*k + 17. Let s(p) = c*q(p) + l*a(p). Give s(-1).
-8
Suppose 20 = 282*z - 277*z. Let x(h) = -h + 2. Determine x(z).
-2
Let o(n) = n**3 + 6*n**2 + 2*n + 13. Let v = 233 - 239. What is o(v)?
1
Let h = -52 + 56. Suppose -a = -h*q - 23, -3*a + 5*a = q - 3. Let j(u) = 3*u. What is j(q)?
-21
Let k(d) = -d**2 - 7*d + 1. Let j(q) = -2*q**3 + q**2 + 5*q - 3. Suppose 5*y - 24 = -7*y. Let h be j(y). Determine k(h).
11
Suppose -5*m = 3*h - 2*m + 6, 0 = 2*m. Let s be 3*36/135*5/h. Let z(n) = -8*n - 1. What is z(s)?
15
Let m(j) = j**3 + 7*j**2 - 11. Let i = 1503 - 1509. Calculate m(i).
25
Let x(o) = -o**2 - 8*o + 9. Suppose 0 = -4*u + 7*u + 21. Calculate x(u).
16
Let m(j) = -j. Let z(k) = k**2 + 5*k - 7. Let u(q) = -4*m(q) + z(q). Calculate u(-9).
-7
Let p be (-2)/7 - (-7)/((-49)/40). Let z(y) = -5*y - 24. Determine z(p).
6
Let w = 49 + -38. Suppose -6*o + 10 = -w*o. Let b(p) = -4*p - 3. Calculate b(o).
5
Suppose -6*w - 458 = -422. Let j(q) = -q - 7. Determine j(w).
-1
Let g(q) = q + 8. Let h be g(0). Suppose -h*r + 6*r = -4. Let m(b) be the second derivative of b**5/20 - b**4/12 - b**3/3 + b**2 - 4*b. What is m(r)?
2
Let c = 272 + -261. Let i(t) be the third derivative of -t**6/120 + t**5/5 - t**4/2 + 2*t**3/3 - 3*t**2. What is i(c)?
-7
Suppose -3 = -2*l + 1. Suppose -l*t + 6*t = 0. Let w(i) = i + 3*i**2 + 2 + t + 2*i**3 + 2*i. Give w(-2).
-8
Let d(m) = -2*m - 9 - 5 - 8 + 24. What is d(-4)?
10
Let n(l) = -51*l**3 + 3 - 2*l**2 + 105*l**3 - 53*l**3. Determine n(3).
12
Suppose -2*i + 2 = 6. Let u(o) = -o**3 + 3*o**2 + 2*o - 4. Let q(k) = -2*k**2 - k + 2. Let n = -15 - -17. Let c(w) = n*u(w) + 5*q(w). Give c(i).
4
Let v(y) = -3*y + 6. Let p = -7 - -8. Let c(s) = -4*s - p + 12 + 2*s + s. Let k be c(7). Give v(k).
-6
Let o(y) = -5*y**2 + 3*y**2 + 2 + 3*y + y**2. Let z be 1/2 - (-2508)/456. Give o(z).
-16
Let m(p) = 7*p**2 - 1. Suppose 6 = 5*d - 14. Let j be (21/6)/(2/d). Let t(s) = 2*s - 13. Let y be t(j). Determine m(y).
6
Let t(i) = 2*i**2 + 1. Let o(m) = -m + 90. Let p be o(-10). Let z = p - 97. Give t(z).
19
Let b be 1 + (-6)/(-1) - (1 - 2). Suppose b = -4*q - 16. Let j(l) = l**2 + 9*l + 3. What is j(q)?
-15
Let w(c) = 9 - 27 + 3*c - 18 - 32 + 12. Calculate w(14).
-14
Let b(a) = a**3 - 2*a**2 - 7*a - 4. Let j be b(4). Let v(c) = c - 14. Calculate v(j).
-14
Let y(a) = -a**2 - 7*a - 3. Let x(j) = 2*j + 42. Let k be x(-22). Let z be y(k). Let t(n) = -n**3 + 7*n**2 - 3. What is t(z)?
-3
Suppose -8 = -14*d + 10*d. Let c(k) be the first derivative of -2/3*k**3 + 2*k + 1 + 0*k**d. What is c(2)?
-6
Let i(m) be the first derivative of -m**4/4 - 8*m**3/3 - 7*m**2/2 - 9*m - 146. Calculate i(-7).
-9
Let o be 134/(-17) + (-4)/34. Let f(a) = -a - 3. Let k be f(o). Let u(d) = d**3 - 6*d**2 + 7*d + 2. Give u(k).
12
Let a(i) be the third derivative of -7*i**4/8 + i**3/6 + 94*i**2. Give a(1).
-20
Let r(g) = g**3 + 5*g**2 + 5*g + 2. Suppose 8*b = 12*b - 8. Suppose 2*h = t + 5 - b, 5*t = 4*h + 3. Suppose t*o = 8*o + 25, -z + 22 = -5*o. Give r(z).
5
Let x(n) = -n**3 + 7*n**2 - 7*n - 7. Suppose 0 = -8*q + 39*q - 186. Give x(q).
-13
Let s(y) be the third derivative of y**6/40 - y**5/30 - 2*y**2 + 62. Give s(2).
16
Let c(w) = -2*w - 7. Suppose 8*v - 13*v = -165. Let f be (24/(-18))/(1/v). Let t be (-5 - -1)*(-66)/f. Determine c(t).
5
Let j(b) = -4*b - 2. Let x(s) = -17*s - 20*s + 51*s - s**2 - 2. Let u be (-2 - (-4)/2) + 14. Let h be x(u). Determine j(h).
6
Suppose y + 20 = 5*y. Let n(g) = -3 + y + 2 - g. Let m(k) = k**3 + 14*k**2 - k - 9. Let r be m(-14). Give n(r).
-1
Let v(b) = -9*b - 12*b**3 + 3*b - 1 - b**2 + 0*b + 7*b. Suppose 2*t - 2*i + 6 = 7*t, 2*t - 6 = i. Suppose 0 = m + m - t. Give v(m).
-13
Let i(l) = 3*l**2 - 4 + 6 - 1 - 3. Let a = -4 - -4. Suppose -4*b + 1 = u - 2, b + 2*u + 8 = a. What is i(b)?
10
Let x(j) = -j - 2. Let y(m) be the first derivative of -m + 6. Let z(d) = x(d) - 6*y(d). Let h = 19 + -25. Determine z(h).
10
Let y = 219 + -219. Let f(q) = -q**2 - 3*q + 6. Determine f(y).
6
Let v(l) = -l**2 + 3*l - 2. Let s(o) = -7*o - 2. Let g be s(-4). Let f be ((-23)/1)/(2/(-2)). Let c = g - f. Calculate v(c).
-2
Let r(k) be the third derivative of -1/3*k**4 + 9*k**2 + 1/6*k**3 + 0*k + 1/60*k**5 + 0. Determine r(8).
1
Suppose -2*i = 3 - 19. Let t(l) = 495*l**3 - 496*l**3 + 5*l - 4*l + 6 + 8*l**2. Calculate t(i).
14
Let x(c) = -c + 18. Let d(h) = -h**3 + 9*h**2 - 16*h + 16. Let b be d(7). Suppose 4*k = 5*o, 4*k = 2*o + b*k. Calculate x(o).
18
Suppose -5*k - 29 = d, 4*d - 7*d = -2*k + 2. Let o(w) = 7*w. What is o(d)?
-28
Let g(l) = 3*l - 5. Suppose 23*m - 15*m = -48. Give g(m).
-23
Suppose 5*s + 9 - 24 = 0. Suppose 0 = 2*m + 3*m - 15. Let j(r) = -2*r**3 + m + 2*r + 5*r**2 + 4*r**3 - r**2 - r**s. Determine j(-4).
-5
Let h(d) = d**2 + d. Let s be 399/(-27) + (-4)/18. Let x(a) = 4*a**2 + 25*a - 39. Let l be x(-8). Let j = l + s. What is h(j)?
6
Suppose 0 = 2*o - 2, a = -4*a + 5*o + 5. Let w(m) = -270*m - 268*m + 3 + 536*m. Calculate w(a).
-1
Let f(k) = k**3 - 2*k**2 + 2. Let n(i) = -i + 14. Let m be n(14). Suppose 3*b + m*b - 6 = 0. Suppose -5*s + 8 = -b. Give f(s).
2
Let o(a) = -a**2 - 3*a + 4. Let u(c) = -2*c**2 - 47*c - 26. Let r be u(-23). Calculate o(r).
4
Let d(g) = 2*g**2 - 12